 + 2*p, -z + 5*z - 6 = -5*p. Suppose 2*x - 5*k - 267 = 0, -2*x + 43 + 229 = -z*k. What is the tens digit of x?
4
What is the tens digit of 50/475 - 16602/(-38)?
3
Let f(o) = -6*o - 9. Let t be f(0). What is the tens digit of (45 + 0)/(t/(-6))?
3
Let c(t) = -143*t - 89. What is the thousands digit of c(-8)?
1
Let u(g) = -g + 276. Let m be (6/(-8) + (-6)/(-8))*-1. What is the hundreds digit of u(m)?
2
Let d = 6140 + -4342. What is the units digit of d?
8
Suppose 0 = -3*z + 3*u - 85 + 1537, -u = -3*z + 1448. What is the hundreds digit of z?
4
Let w be 2 + -3 - (-28)/((-8)/2). Let z(d) = d**3 + 8*d**2 - 9*d - 2. What is the units digit of z(w)?
0
Suppose -284*a = -280*a - 6444. What is the hundreds digit of a?
6
Let h(a) = 57*a + 6. Let w(t) = -4*t + 24. Let f be w(5). What is the hundreds digit of h(f)?
2
What is the thousands digit of (34300/(-300))/(1 + (-22)/21)?
2
Let i be (4 + (9 - 0))*71. Suppose i = 9*a + 203. What is the tens digit of a?
8
Suppose 0 = -4*n + 2 + 14, 0 = -3*a - 4*n + 1828. What is the tens digit of a?
0
Let s = -43 + 79. Let y be ((-45)/s)/((-2)/(-16)). What is the units digit of ((-70)/4)/(5/y)?
5
Let f(r) = 4*r**2 - 22*r + 188. What is the units digit of f(14)?
4
Let i = 450 + 248. What is the hundreds digit of i?
6
What is the hundreds digit of 3*(3 - 22/6) + 345?
3
Suppose 2*u = 4*p - 484, 3*p + 2*u = 108 + 241. What is the tens digit of p?
1
What is the units digit of 9/27*(2 + 487)?
3
Let o(n) be the third derivative of n**5/60 + n**4/6 + 2*n**3/3 - 3*n**2. Let y be o(-4). Let s(i) = 4*i + 7. What is the units digit of s(y)?
3
Suppose 0 = -5*n + 1 - 51. Let c(p) = -3*p - 23. Let g be c(n). Suppose 3*t = g*t - 124. What is the tens digit of t?
3
Suppose -323*v + 316*v + 14791 = 0. What is the tens digit of v?
1
Let r = -118 - -70. Let l = -65 + 135. Let y = r + l. What is the units digit of y?
2
Let x(y) = -226*y - 10. What is the hundreds digit of x(-4)?
8
Suppose -21*j + 4734 = -9798. What is the tens digit of j?
9
Let v(i) be the first derivative of i**3/3 + 2*i**2 + 6. Let o be v(-3). What is the tens digit of (o/(3/17))/(-1)?
1
Let i(c) = -57*c**3 - c**2 - 3*c + 3. Let h(q) = -q**3 + q**2 + q - 1. Let s(a) = 2*h(a) + i(a). Let m be s(1). What is the tens digit of 4/(-8)*m*1?
2
Let g = 600 - 404. Suppose 0 = -3*u - u + g. What is the tens digit of u?
4
Let q(d) = 35*d - 112. What is the tens digit of q(18)?
1
Let y = 1255 + -376. What is the units digit of y?
9
Suppose -3*w - 2*w = -35. Suppose -g + 22 = 2*o, -16*g + 36 = -14*g - 4*o. Let v = w + g. What is the units digit of v?
7
Suppose -t + 14435 = 5*i, t = -5*i + 2*i + 8659. What is the tens digit of i?
8
Let a(p) = -4*p**3 - 7*p**2 - 23*p - 129. What is the tens digit of a(-6)?
2
Let q be 2445/35 - 5 - 2/(-14). Suppose 10 = 7*a - 2*a. What is the units digit of q/a - 6/(-12)?
3
Let s(z) = -2*z**3 - 57*z**2 - z - 34. What is the tens digit of s(-29)?
3
Let l be -1*10*3/(-6). Suppose -l = s + 5*x - 1, -2*x = 4. Suppose 3*u - 91 = 2*j, -4*j + s = 2*u - 28. What is the units digit of u?
7
Let y(b) = -b**3 - 4*b**2 + b + 3. Let g be y(-4). Let d = g + -14. What is the tens digit of (-423)/d + 1/(-5)?
2
Let l = -49 - -51. Suppose 2*c - l*p - 32 = 0, 5*p - 2*p = 5*c - 88. What is the units digit of c?
0
What is the hundreds digit of 27/18 + 17*468/8?
9
Let o be 7 - 4 - 21/3. Let d(p) = -p**3 - 5*p**2 - 3*p + 3. Let b be d(o). Let j = 23 - b. What is the units digit of j?
4
Let l(b) = 2*b**2 + 2*b - 1. Let r be l(1). Suppose r*y = -y + 140. What is the tens digit of y?
3
Let a(k) = k + 8. Let j(g) = -g - 8. Let m = 7 + -2. Let v(c) = m*j(c) + 6*a(c). What is the units digit of v(0)?
8
What is the units digit of (-4 + 5)*0/4 - -464?
4
Let l be ((-21)/(-18))/((-1)/(-6)). Let q(o) be the third derivative of o**4/6 - 5*o**3/6 + 3*o**2. What is the units digit of q(l)?
3
Let f(n) = n**2 - 15*n - 20. What is the tens digit of f(-12)?
0
Let r(p) = -2*p**3 - 7*p**2 - 12*p + 3. What is the tens digit of r(-6)?
5
Suppose 4*h - 376 - 2728 = -2*k, 0 = 4*h + 5*k - 3092. What is the hundreds digit of h?
7
Let c be ((-3060)/(-21))/(-6)*-7. Let o = c - 94. What is the units digit of o?
6
Let k(m) = 22*m**2 + 3*m. Let s(d) = -45*d**2 - 7*d. Let i(r) = 9*k(r) + 4*s(r). Let n = -49 - -48. What is the tens digit of i(n)?
1
Suppose 5*c = 4*t - 1838, -456 = -t + 4*c - c. What is the hundreds digit of t?
4
Suppose 0 = 3*j - 4*j + 5. Suppose 75 = j*d - 10*d. What is the units digit of 3428/60 + 2/d?
7
What is the units digit of ((-24)/(-4))/(6 + 189/(-36))?
8
Let r(t) = t**2 - 8*t + 26. Let v(p) = p + 1. Let x(l) = -r(l) + 3*v(l). What is the units digit of x(7)?
5
Let c be (10/6)/(14/(-294)). Let j = -27 - c. What is the units digit of j?
8
What is the hundreds digit of 65/(-26) - (3 - (-17484)/(-8))?
1
Suppose -v = -4*v - 2*d + 10, 4*v - 4*d + 20 = 0. Let m be -1 + (51 - v) + -1. Let b = m - 26. What is the tens digit of b?
2
Let o(m) = 957*m**2 + 2*m + 2. What is the hundreds digit of o(-2)?
8
Suppose 4*v - 24 = p + 3*p, -2*v - 4*p = 0. Let l(i) = -i**2 + i - 2. Let y(q) = -2*q**2 + q - 5. Let w(b) = -5*l(b) + 2*y(b). What is the units digit of w(v)?
4
Suppose s + 0*s = 3*n + 192, -4*n + 784 = 4*s. Suppose -25*f = -24*f - s. What is the tens digit of f?
9
Let k(t) = 0 + 0 + t**2 - 4 + 14*t. Let m be k(-14). What is the units digit of (2/1)/(m/(-34))?
7
Let s(u) = -u**2 - 14*u - 24. Let r be 6/4*88/(-11). Let x be s(r). Suppose x*k = -k + 32. What is the units digit of k?
2
Let i(r) = 2*r - 11 + 11*r + 10*r. What is the hundreds digit of i(6)?
1
Let c(u) = -u**2 - 21*u + 22. Let n be c(-17). Let p = -15 + n. What is the units digit of p?
5
Let s(d) = 3*d**2 - 17*d - 6. Let a(z) = 2*z**2 - 11*z - 4. Let v(c) = 8*a(c) - 5*s(c). What is the tens digit of v(6)?
1
Let j(u) = 14*u - 11. Let a(n) = 36*n**2 - 2*n - 2. Let h be a(-1). Let k = h - 31. What is the units digit of j(k)?
9
Let t(q) = 3*q**2 + 11*q - 10. Let p be t(-10). Suppose -2*o = -5*o + 12, -3*o = 2*j - p. What is the units digit of j?
4
Let u(p) = p + 2. Let i = 18 - 21. Let y be u(i). What is the units digit of 37/(-2)*y*2?
7
Suppose -4*t - 354 - 255 = -3*g, -2*t = 0. Suppose -i - 86 = -2*f + 46, -3*f + 4*i = -g. What is the tens digit of f?
6
Let l(g) = 7 + 1 + 2 + 11*g. Let o be l(-5). What is the units digit of (-10)/o + (-34)/(-9)?
4
What is the hundreds digit of -1 - -6 - -4*(-622)/(-8)?
3
Let p(v) = -v**2 - v - 1. Let s(a) = a**3 - 9*a**2 - 3*a - 13. Let f = -13 - -8. Let m(n) = f*p(n) + s(n). What is the tens digit of m(5)?
2
Let y(j) = -294*j - 538. What is the thousands digit of y(-8)?
1
Let o(w) = 12*w**2 - 2*w**2 - 7*w + 5 + 0 + 8. What is the units digit of o(3)?
2
Let f = 58 - -169. What is the tens digit of f?
2
Suppose 2*o + 5*k - 4 - 3 = 0, -2*o + 13 = -k. What is the units digit of (1 + 48)/(4/(-2 + o))?
9
Suppose -4*z = -5*s - 21956, -39*z + 5489 = -38*z + 3*s. What is the tens digit of z?
8
Suppose 0 = -9*r - 64 + 496. What is the units digit of r?
8
Let c be 3*(-4)/12 + 347. Suppose 0 = -3*z - 2*h - 26 + c, 3*z = -5*h + 314. What is the units digit of z?
8
Let i(x) = 203*x - 18. What is the units digit of i(2)?
8
Suppose 3*n - 8 = 2*x, -x - 4*n = -4*x - 10. Suppose -2*r - g + 250 = 2*r, 4*r + x*g = 248. What is the tens digit of r?
6
Suppose 0 = -3*d + 2*d + 5. Suppose -p + 2*s = -5, -d*p = -2*s + s - 7. What is the units digit of p?
1
Let r be (12/21)/(4/(-14)). Let o be ((-9)/12)/(r/16). Suppose o*j = 4*j + 142. What is the units digit of j?
1
Let q(g) = g**2 + 5*g + 5. Let y be q(6). Let t be y*-2*(-2)/4. Let m = t + -37. What is the units digit of m?
4
Let g(m) = 2*m**2 + 10*m + 4. Let f be g(-5). Suppose -4*c = c - 4*y - 211, -f*c + 5*y = -167. What is the tens digit of c?
4
Let c be (168/16)/(2/392*2). Suppose 5*h - c = 2*p, 0*p - 417 = -2*h - p. What is the hundreds digit of h?
2
Suppose -5*v - 10 = -5*u, -28 = -4*u - 3*v + 2*v. Let w be 0 + u/(3/1). Suppose w*x - 17 + 1 = 0. What is the units digit of x?
8
Suppose 131*a - 130*a = -181. Let v = -11 - a. What is the units digit of v?
0
Suppose 29*b - 195 = 26*b. Let y = 79 - b. What is the units digit of y?
4
Let t(o) = 1504*o**2 + 19*o + 18. What is the thousands digit of t(-1)?
1
Let h(q) be the third derivative of -q**4/24 + 2*q**3 - 21*q**2. Su